 = -5*y. Let c be l(y). Calculate the highest common divisor of c and 16.
16
Suppose -5*o + 2 + 8 = 0. Suppose 27 = o*h - 103. Let n be -4 - 17*(-2 + 1). Calculate the greatest common divisor of h and n.
13
Let b(k) = k**3 + 5*k**2 + 3*k + 5. Let g be b(-4). Let w be ((-6)/(-4))/(-1 - 67/(-66)). Calculate the greatest common factor of w and g.
9
Let n be 256/18 - 4/18. What is the greatest common divisor of n and 7?
7
Suppose -4*w = 4, 3*w = -l - 0 + 1. What is the highest common factor of 8 and l?
4
Suppose -36 = -5*h + 14. Let o = 3 + h. What is the highest common divisor of 13 and o?
13
Suppose -7*u + 109 = -38. Calculate the greatest common divisor of 21 and u.
21
Suppose -o - 86 = -f, 356 = 4*f - o - 0*o. Let v = -64 + f. What is the highest common factor of v and 13?
13
Let f = 32 + -50. Let x be (-897)/(-27) - (-4)/f. Let j = -17 + x. Calculate the greatest common divisor of j and 2.
2
Let b be ((-3)/5)/((-3)/15). Suppose -425 - 334 = -b*g. Calculate the greatest common factor of 23 and g.
23
Suppose -f + 96 = 3*a, 4*a + 4*f - 76 = 52. What is the greatest common factor of a and 160?
32
Suppose -10 = -3*n + 116. Suppose 0 = -4*g + 14 + 10. What is the greatest common divisor of g and n?
6
Let o be 99/6*(3 - -3). What is the greatest common factor of 9 and o?
9
Suppose 12 + 4 = h. Calculate the highest common divisor of h and 32.
16
Let z(n) = 202*n - 2. Let m be z(1). Calculate the greatest common factor of m and 25.
25
Suppose 34 = -i + 3*i + 4*l, -2*i - l + 22 = 0. Suppose 4*o = -2*p - 2, 5*o - 11 - 19 = 4*p. Let m = i + o. What is the highest common factor of 77 and m?
11
Let p(o) = o**2 + 8*o + 12. Suppose 0 = 3*n - 2*n + 8. Let a be p(n). Calculate the highest common divisor of a and 12.
12
Suppose c - 2 = 10. What is the greatest common divisor of c and 2?
2
Let q(z) = 90*z**3 + z**2 - 4*z + 3. Let a be q(1). Suppose 0 = -6*s + 3*s + 30. What is the greatest common divisor of a and s?
10
Let y(z) = -z**2 - 5*z - 7. Let g be y(-5). Let w(s) = s**2 + 5*s. Let f be w(-4). Let a = f - g. Calculate the greatest common factor of a and 24.
3
Let w(i) = -2*i. Let k be w(-7). Suppose -l + 3*l = 42. Calculate the greatest common divisor of l and k.
7
Let j(x) = -33*x. Let z be j(-2). What is the greatest common factor of 6 and z?
6
Let f(u) = u**2 - 3*u - 6. Let j be f(5). What is the highest common divisor of j and 1?
1
Let k = -50 - -99. What is the greatest common divisor of k and 7?
7
Let q be (1 + 20/6)*15. Calculate the highest common divisor of 13 and q.
13
Let f(h) = -h**3. Let m be f(-1). Let v be (-1)/((-140)/(-36) + -4). Calculate the greatest common factor of m and v.
1
Suppose 0 = w + 2*w + 36. Let r = -8 - w. Suppose 0*f - 40 = -2*f. Calculate the highest common factor of r and f.
4
Suppose 0 = -4*h - 2*l + 52 + 16, -5*l + 10 = 0. Calculate the greatest common divisor of 8 and h.
8
Suppose r + 238 = 4*i - i, -4 = -2*r. Suppose -3*k = k - 4*n - 52, 3*n + 9 = 0. Calculate the greatest common factor of i and k.
10
Suppose -5*r + 4*z + 14 = 0, -5*r = 5*z - 4 - 1. Let k = r - -1. What is the highest common divisor of k and 6?
3
Let c(y) = -3*y - 5. Let p(z) = -3*z + 7. Let i be p(4). Let o be c(i). Calculate the highest common divisor of o and 10.
10
Suppose 2*f - u = -0*u + 10, 0 = -2*u. Suppose 0*q + q - 4*p - 1 = 0, -f*q - 2*p = -5. Calculate the highest common divisor of 2 and q.
1
Let c be 0*(15/6)/(-5). Suppose c = 2*i - 18. Let x(s) = -s**2 + 8*s + 13. Let z be x(i). Calculate the highest common divisor of z and 16.
4
Suppose 2*y - 5*x + 16 = 0, 0*y - 18 = y - 5*x. Let l = 32 - 18. What is the highest common divisor of y and l?
2
Let o(j) = 13*j**2 + 4*j - 3. Let s be o(1). What is the greatest common divisor of s and 14?
14
Let o = -15 + 20. What is the greatest common divisor of 25 and o?
5
Let r be 50*(-1)/(-3) + 2/(-3). Calculate the greatest common factor of r and 2.
2
Suppose -l + 14 = 7. Let y = 0 + 7. Calculate the highest common divisor of y and l.
7
Suppose 4*w - 47 = 5. Suppose -s - 91 = w. Let j be s/(-18) + (-4)/(-18). What is the highest common divisor of j and 54?
6
Suppose -439 = -25*h - 139. Suppose 2*d = -s, -4*d + 2 - 10 = 0. Calculate the greatest common divisor of h and s.
4
Let w(u) be the third derivative of 29*u**4/12 - 5*u**2. Let z be w(2). What is the highest common divisor of z and 29?
29
Suppose -5*i + 4 = -6. Suppose 0 = 4*f + f + 20, -f - 34 = -i*u. What is the highest common divisor of 165 and u?
15
Let z = -7 - -3. Let b be ((-2)/z)/(2/4). What is the highest common divisor of b and 9?
1
Suppose 63 = 5*h - 102. Suppose -2*k + 1 = -h. Suppose 2*a + 187 = 3*a. What is the highest common factor of k and a?
17
Let k be (-2)/(-2) + 16/2. Let r be k + (-2)/(-2) - -1. Let o be 225/21 - 6/(-21). What is the highest common divisor of r and o?
11
Let q(x) = 12*x**2 - 3*x. Let k be q(3). Let z(j) = -2*j - 11. Let w be z(-11). What is the highest common factor of w and k?
11
Let q(w) = 5*w**3 + w**2 + 2*w - 3. Let n be q(2). Let p be -1 - 1/(3/(-51)). Suppose -3*o = -p + 1. What is the greatest common factor of n and o?
5
Let l = -29 - -129. Calculate the highest common factor of l and 40.
20
Let f(z) = 7*z. Let a be f(3). Suppose -a - 3 = -2*o. What is the highest common divisor of 96 and o?
12
Suppose 0 = 5*w - 2*f - 29, -w + 5*f + 11 = 2*f. Suppose -2*s = -o + 2*o - 9, -w*o - 30 = -5*s. Calculate the highest common factor of 2 and s.
1
Let n(k) = -k**3 - 2*k**2. Let s be n(-2). Suppose -w + 5*j + 11 = s, 4*j = 5*j + 2. Let r = 2 + w. Calculate the highest common divisor of r and 21.
3
Let l = 72 + -58. Suppose 3*n + 485 = -2*n. Let a = 29 - n. Calculate the greatest common factor of l and a.
14
Suppose 3*f = -i - 5, -f + i - 25 = 6*i. Suppose -4*k - 2*x = -38, -4*x = -5*k - f*k + 67. What is the highest common divisor of k and 22?
11
Let t = 19 + -10. Suppose 5 + 11 = -4*o - 4*l, 0 = 5*l + 25. Calculate the greatest common divisor of o and t.
1
Suppose 0 = 2*c - 4, c - 56 = -4*s + 3*s. Let r = -128 - -209. What is the highest common divisor of r and s?
27
Let k be (-4)/(-8)*(0 - 0). Suppose k = 4*w - 0 - 36. Calculate the greatest common divisor of 45 and w.
9
Suppose 4*k = 4*q + 40, -10 = 19*k - 20*k + 5*q. Suppose -3*u + 372 = 2*d + 2*d, 5*d = -5*u + 470. Calculate the highest common divisor of k and d.
10
Let m(d) = -12*d**3 - 5*d**2 - 4*d. Let r be m(-2). Let b = -82 - -138. Calculate the highest common factor of b and r.
28
Suppose 3*w = 5*d - 139, -5*d + 4*w + 69 = -73. Let n = d + -14. Calculate the greatest common factor of 24 and n.
12
Let q be (-14)/(-1) - (-6)/3. Let h be (-2)/(2 + q/(-6)). Suppose 94 = 3*c - 4*o, 0 = -h*c - o + 33 + 56. Calculate the greatest common factor of 10 and c.
10
Let h = -42 + 26. Let t = -49 - h. Let k = 46 + t. Calculate the highest common divisor of 39 and k.
13
Suppose -4*k - f = -1141, 3*k + k = -4*f + 1156. Let r = k - 200. Calculate the greatest common divisor of 12 and r.
12
Let x(z) = z - 1. Let c be x(8). What is the highest common divisor of 35 and c?
7
Suppose 16 = 38*v - 37*v. Calculate the greatest common factor of 24 and v.
8
Let f(q) = 28*q + 4. Let c be f(3). Suppose 3*w + 3*i = 18, 4*w - 5 = -i + 34. What is the greatest common factor of c and w?
11
Let o be 4/10 - (-74)/(-10). Let u(i) = 0*i - 7*i - i**2 - 10 - i - i. Let j be u(o). Calculate the greatest common factor of j and 10.
2
Suppose 4 = 2*c + 3*l - 1, 4*c = -3*l + 1. Let v be 7 - (0 + 3 + c). Calculate the greatest common factor of v and 6.
6
Let t(g) = 33*g**2 - 2*g + 1. Let l be t(1). Suppose 2*m - 47 = -0*m + 5*b, -2*m + l = -2*b. Calculate the greatest common divisor of m and 99.
11
Let h(v) be the second derivative of v**5/10 + v**4/12 - 2*v**2 + 2*v. Let n be h(4). Calculate the greatest common factor of n and 20.
20
Suppose 3*a - a - 44 = 0. Calculate the highest common factor of a and 2.
2
Let o(q) = -q + 2. Let p be o(2). Let c(h) = 3*h - 4*h + 6 - 3 + 0. Let u be c(p). Calculate the greatest common divisor of u and 1.
1
Let d be -3 + 3 - (-2 + 4). Let c be d - (-8)/2 - -252. Let g be c/6 + 3/(-9). Calculate the greatest common divisor of g and 14.
14
Let k = 0 - 1. Let d be k/(-5) - (-158)/10. Suppose -3*z = 2*l - d, 0*z + 20 = 4*z + 4*l. Calculate the highest common divi